{"id":340,"date":"2012-02-21T19:54:06","date_gmt":"2012-02-21T19:54:06","guid":{"rendered":"http:\/\/www.gaziantepyuzme.com\/?page_id=40"},"modified":"2012-02-21T19:54:06","modified_gmt":"2012-02-21T19:54:06","slug":"yuzme-stilleri","status":"publish","type":"page","link":"https:\/\/www.gaziantepyuzme.com\/index.php\/spor-kulupleri\/yuzme-stilleri\/","title":{"rendered":"Y\u00fczme Stilleri"},"content":{"rendered":"<ul>\n<li><a href=\"serbest-yuzme-stili\/\" title=\"Serbest stil y\u00fczme\">Serbest stil y&uuml;zme<\/a><\/li>\n<li><a class=\"mw-redirect\" href=\"kurbagalama-yuzme-stili\/\" title=\"Kurba\u011falama y\u00fczme\">Kurba\u011falama y&uuml;zme<\/a><\/li>\n<li><a href=\"kelebek-yuzme-stili\/\" title=\"Kelebekleme y\u00fczme\">Kelebekleme y&uuml;zme<\/a><\/li>\n<li><a href=\"sirtustu-yuzme-stili\/\" title=\"S\u0131rt\u00fcst\u00fc y\u00fczme\">S\u0131rt&uuml;st&uuml; y&uuml;zme<\/a><\/li>\n<li><a href=\"karisik-yuzme-stili\/\" title=\"Kar\u0131\u015f\u0131k y\u00fczme\">Kar\u0131\u015f\u0131k y&uuml;zme<\/a><\/li>\n<\/ul>\n","protected":false},"excerpt":{"rendered":"<p>Serbest stil y&uuml;zme Kurba\u011falama y&uuml;zme Kelebekleme y&uuml;zme S\u0131rt&uuml;st&uuml; y&uuml;zme Kar\u0131\u015f\u0131k y&uuml;zme<\/p>\n","protected":false},"author":1,"featured_media":0,"parent":337,"menu_order":0,"comment_status":"closed","ping_status":"open","template":"","meta":{"jetpack_post_was_ever_published":false,"footnotes":""},"class_list":["post-340","page","type-page","status-publish","hentry"],"jetpack_sharing_enabled":true,"jetpack_shortlink":"https:\/\/wp.me\/P5p0aA-5u","_links":{"self":[{"href":"https:\/\/www.gaziantepyuzme.com\/index.php\/wp-json\/wp\/v2\/pages\/340","targetHints":{"allow":["GET"]}}],"collection":[{"href":"https:\/\/www.gaziantepyuzme.com\/index.php\/wp-json\/wp\/v2\/pages"}],"about":[{"href":"https:\/\/www.gaziantepyuzme.com\/index.php\/wp-json\/wp\/v2\/types\/page"}],"author":[{"embeddable":true,"href":"https:\/\/www.gaziantepyuzme.com\/index.php\/wp-json\/wp\/v2\/users\/1"}],"replies":[{"embeddable":true,"href":"https:\/\/www.gaziantepyuzme.com\/index.php\/wp-json\/wp\/v2\/comments?post=340"}],"version-history":[{"count":0,"href":"https:\/\/www.gaziantepyuzme.com\/index.php\/wp-json\/wp\/v2\/pages\/340\/revisions"}],"up":[{"embeddable":true,"href":"https:\/\/www.gaziantepyuzme.com\/index.php\/wp-json\/wp\/v2\/pages\/337"}],"wp:attachment":[{"href":"https:\/\/www.gaziantepyuzme.com\/index.php\/wp-json\/wp\/v2\/media?parent=340"}],"curies":[{"name":"wp","href":"https:\/\/api.w.org\/{rel}","templated":true}]}}